e prime factors of 1467449.
241, 6089
What are the prime factors of 2034002?
2, 29, 35069
List the prime factors of 1255802.
2, 627901
What are the prime factors of 15592597?
19, 23, 31, 1151
What are the prime factors of 2635800?
2, 3, 5, 23, 191
List the prime factors of 210737.
83, 2539
List the prime factors of 11317346.
2, 5658673
List the prime factors of 12479100.
2, 3, 5, 41597
List the prime factors of 1506021.
3, 11, 47, 971
What are the prime factors of 1032638?
2, 516319
What are the prime factors of 2784305?
5, 556861
List the prime factors of 27412098.
2, 3, 7, 19, 34351
What are the prime factors of 873712?
2, 7, 29, 269
List the prime factors of 11347000.
2, 5, 7, 1621
What are the prime factors of 320316?
2, 3, 26693
List the prime factors of 2457467.
2457467
What are the prime factors of 253515?
3, 5, 16901
What are the prime factors of 124312?
2, 41, 379
What are the prime factors of 768877?
29, 26513
List the prime factors of 21040817.
7, 3005831
List the prime factors of 1127302.
2, 11, 51241
What are the prime factors of 1600516?
2, 17, 23537
What are the prime factors of 11716084?
2, 19, 154159
What are the prime factors of 1251116?
2, 312779
What are the prime factors of 1597477?
7, 228211
List the prime factors of 711742.
2, 239, 1489
List the prime factors of 1341191.
19, 70589
What are the prime factors of 2100703?
11, 353, 541
What are the prime factors of 15486458?
2, 13, 223, 2671
List the prime factors of 3057109.
11, 277919
List the prime factors of 603350.
2, 5, 11, 1097
List the prime factors of 2832516.
2, 3, 26227
What are the prime factors of 283701?
3, 11, 8597
List the prime factors of 1423646.
2, 7, 73, 199
List the prime factors of 7010427.
3, 37, 137, 461
What are the prime factors of 3764352?
2, 3, 9803
What are the prime factors of 1182869?
1182869
What are the prime factors of 351936?
2, 3, 13, 47
List the prime factors of 24248926.
2, 13, 932651
List the prime factors of 697695.
3, 5, 193, 241
What are the prime factors of 641637?
3, 71293
List the prime factors of 903903.
3, 7, 11, 13, 43
What are the prime factors of 308441?
7, 139, 317
What are the prime factors of 1416377?
43, 32939
What are the prime factors of 420660?
2, 3, 5, 19, 41
List the prime factors of 2668377.
3, 29, 30671
What are the prime factors of 398989?
398989
What are the prime factors of 207685?
5, 73, 569
What are the prime factors of 47624?
2, 5953
What are the prime factors of 431025?
3, 5, 7, 821
What are the prime factors of 466569?
3, 47, 1103
List the prime factors of 347862.
2, 3, 57977
List the prime factors of 3658515.
3, 5, 7, 34843
List the prime factors of 4147257.
3, 1382419
List the prime factors of 739103.
739103
List the prime factors of 16310671.
13, 1254667
List the prime factors of 2702641.
47, 57503
What are the prime factors of 21023889?
3, 139, 50417
What are the prime factors of 3544999?
101, 35099
What are the prime factors of 225005?
5, 11, 4091
What are the prime factors of 4092225?
3, 5, 54563
List the prime factors of 178895.
5, 37, 967
List the prime factors of 1234278.
2, 3, 19, 401
What are the prime factors of 1865449?
409, 4561
What are the prime factors of 1132639?
1132639
List the prime factors of 160928.
2, 47, 107
List the prime factors of 425365.
5, 241, 353
List the prime factors of 139857.
3, 46619
List the prime factors of 222728.
2, 11, 2531
What are the prime factors of 374613?
3, 193, 647
List the prime factors of 1917432.
2, 3, 11, 269
What are the prime factors of 25363084?
2, 31, 137, 1493
What are the prime factors of 109035?
3, 5, 2423
List the prime factors of 309505.
5, 7, 37, 239
List the prime factors of 375931.
375931
List the prime factors of 362544.
2, 3, 7, 13, 83
List the prime factors of 420704.
2, 13147
What are the prime factors of 586137?
3, 47, 4157
List the prime factors of 118660.
2, 5, 17, 349
List the prime factors of 2275774.
2, 1137887
List the prime factors of 2430428.
2, 7, 11, 13, 607
List the prime factors of 256915.
5, 51383
What are the prime factors of 969291?
3, 107699
List the prime factors of 22706478.
2, 3, 29, 43499
List the prime factors of 688051.
7, 13, 7561
List the prime factors of 210329.
7, 30047
List the prime factors of 1883257.
1883257
List the prime factors of 1765390.
2, 5, 11, 1459
What are the prime factors of 3935419?
31, 126949
What are the prime factors of 245502?
2, 3, 23, 593
List the prime factors of 681214.
2, 23, 59, 251
List the prime factors of 344570.
2, 5, 34457
List the prime factors of 6634363.
19, 349177
What are the prime factors of 9864289?
1901, 5189
List the prime factors of 519279.
3, 179, 967
List the prime factors of 378611.
241, 1571
List the prime factors of 5858390.
2, 5, 585839
What are the prime factors of 375082?
2, 167, 1123
What are the prime factors of 272956?
2, 68239
What are the prime factors of 48231?
3, 23, 233
List the prime factors of 5439591.
3, 89, 6791
List the prime factors of 15815239.
11, 19, 31, 2441
What are the prime factors of 297176?
2, 11, 307
What are the prime factors of 8490268?
2, 47, 45161
What are the prime factors of 1097451?
3, 61, 1999
What are the prime factors of 105544?
2, 79, 167
List the prime factors of 835438.
2, 417719
List the prime factors of 433815.
3, 5, 28921
What are the prime factors of 6953526?
2, 3, 42923
List the prime factors of 7523807.
47, 160081
List the prime factors of 3209675.
5, 7, 18341
What are the prime factors of 90363?
3, 7, 13, 331
What are the prime factors of 1032358?
2, 516179
List the prime factors of 7538860.
2, 5, 7, 53849
What are the prime factors of 1035077?
1035077
List the prime factors of 1302545.
5, 19, 13711
What are the prime factors of 5819062?
2, 421, 6911
What are the prime factors of 687904?
2, 7, 37, 83
List the prime factors of 196479.
3, 19, 383
List the prime factors of 376719.
3, 7, 17939
List the prime factors of 1784347.
19, 93913
What are the prime factors of 154044?
2, 3, 11, 389
What are the prime factors of 159166?
2, 7, 11369
List the prime factors of 1813.
7, 37
What are the prime factors of 239814?
2, 3, 4441
What are the prime factors of 3600686?
2, 1800343
List the prime factors of 197177.
269, 733
What are the prime factors of 678009?
3, 193, 1171
List the prime factors of 548729.
97, 5657
List the prime factors of 1282327.
17, 75431
List the prime factors of 578878.
2, 289439
What are the prime factors of 485714?
2, 23, 10559
What are the prime factors of 3448751?
3448751
List the prime factors of 4363047.
3, 13, 89, 419
List the prime factors of 71288.
2, 7, 19, 67
List the prime factors of 152471.
11, 83, 167
List the prime factors of 869209.
11, 31, 2549
What are the prime factors of 39817?
29, 1373
What are the prime factors of 2546951?
11, 23, 10067
List the prime factors of 10461328.
2, 241, 2713
What are the prime factors of 70109?
13, 5393
What are the prime factors of 6025810?
2, 5, 7, 86083
List the prime factors of 975343.
975343
List the prime factors of 174378.
2, 3, 29063
What are the prime factors of 1084044?
2, 3, 13, 6949
What are the prime factors of 280493?
179, 1567
What are the prime factors of 219293?
219293
List the prime factors of 203588.
2, 7, 11, 661
List the prime factors of 1578494.
2, 37, 83, 257
List the prime factors of 1551925.
5, 23, 2699
List the prime factors of 399595.
5, 7, 233
What are the prime factors of 800641?
19, 42139
What are the prime factors of 660149?
7, 94307
List the prime factors of 677785.
5, 283, 479
What are the prime factors of 5540719?
191, 29009
List the prime factors of 103073.
59, 1747
What are the prime factors of 403433?
403433
What are the prime factors of 292051?
31, 9421
What are the prime factors of 36440912?
2, 61, 37337
What are the prime factors of 190449?
3, 7, 3023
What are the prime factors of 30907345?
5, 7, 139, 6353
List the prime factors of 5347718.
2, 2673859
What are the prime factors of 1223126?
2, 283, 2161
List the prime factors of 82743.
3, 27581
List the prime factors of 1273812.
2, 3, 101, 1051
What are the prime factors of 1179189?
3, 11, 43, 277
What are the prime factors of 120902?
2, 61, 991
List the prime factors of 9638041.
7, 661, 2083
What are the prime factors of 2608475?
5, 103, 1013
What are the prime factor